 common divisor of 10 and q.
10
Suppose -546 = 2352*b - 2359*b. Calculate the greatest common divisor of 624 and b.
78
Let o = 2082 + -2040. Calculate the highest common divisor of o and 126.
42
Suppose 20 = -3*h - 2*v, 0 = -3*h - h + 4*v - 60. Let q be (-8 - h) + 25 + -3. What is the greatest common divisor of q and 48?
24
Let n = -74 + 81. Suppose 34 = n*z - 71. Let x be 2/4 + (-239)/(-2). Calculate the highest common divisor of x and z.
15
Suppose 48 = 2*l - 4*w, -2*w - 57 = -3*l + 15. What is the greatest common divisor of 48 and l?
24
Let j = -266 + 794. Calculate the highest common divisor of j and 198.
66
Suppose 3*o + 8*o - 451 = 0. Suppose 6*b = 31 + o. What is the highest common divisor of b and 60?
12
Let v(q) = 252*q + 4540. Let p be v(-18). Let d = 10 - 6. Calculate the greatest common factor of d and p.
4
Let u(m) = -4*m**3 - 4*m**2 + 2*m + 7. Let z be u(-6). Calculate the highest common divisor of 65 and z.
65
Let z(f) = -2*f**3 - 10*f**2 + f + 9. Let r be z(-7). Let y(n) = -12*n - 18. Let q be y(-3). Calculate the highest common factor of r and q.
18
Let a(f) = -3*f + 15. Let d be a(0). Calculate the greatest common factor of d and 480.
15
Suppose 5*p + 3*q - 24 = 0, -2*p - 2*p - 2*q + 18 = 0. Suppose p*s = 85 - 22. Calculate the greatest common factor of 84 and s.
21
Suppose -12*a + 0 + 12 = 0. Let o(t) = -t**3 + 7*t**2 - 4*t - 5. Let l be o(6). Calculate the greatest common factor of a and l.
1
Let g be (-567)/(-108) - (3/(-4) + 1). Let a be -5 + (g + -2 - -44). Calculate the highest common divisor of 70 and a.
14
Let w = 59 - 54. Suppose -5*h - 2*l = 3*l - 285, -3*h + w*l = -171. What is the highest common divisor of h and 38?
19
Let c = -63 + 71. Let l = 13 - c. Calculate the greatest common factor of 2 and l.
1
Suppose -200*i = -187*i - 104. Calculate the highest common factor of 1448 and i.
8
Suppose 0 = 68*x - 1226 - 882. What is the greatest common factor of 403 and x?
31
Let q = 16 - 13. Let i = 127 - 126. Calculate the highest common divisor of i and q.
1
Let t(p) = p**3 - 5*p**2 + p - 3. Let h be t(5). Suppose 0 = u - 3*u - 4*x + 36, -5*u + h*x = -54. What is the highest common factor of 3 and u?
3
Suppose -p + 15 = 2*p. Suppose t = -4*s - t + 92, 122 = p*s - t. Calculate the greatest common factor of 60 and s.
12
Suppose -2*i = -4, 5*s + i + 2965 = 2*s. Let o = 443 + s. Let v be (-3)/18 - o/36. Calculate the highest common divisor of v and 5.
5
Let x = -610 + 658. Let d be (-1)/3 - (-37)/3. What is the highest common divisor of x and d?
12
Suppose 4*b - 77 + 13 = 0. Suppose -3*k + 5*k = 5*s - 47, -4*s + k + 40 = 0. Suppose -s*h = -16*h + 80. Calculate the highest common factor of h and b.
16
Let f(x) = 3*x**2 - 3*x - 16. Let y be f(4). Let m be 384/4 + 0 + 4. What is the greatest common divisor of m and y?
20
Suppose -11 = w - 4*r, 3*w + 2*r = 5*w - 2. Suppose -w*t = -38 - 162. Let m be (-1 - (-17)/5)*t. Calculate the greatest common divisor of m and 12.
12
Let j(u) = u**2 - u - 2. Let k be j(3). Suppose -k*b + 3*b = -7. Suppose -6 + 391 = 5*p. What is the highest common divisor of p and b?
7
Suppose 1056 = 664*t - 658*t. What is the greatest common divisor of t and 132?
44
Let z(f) = 9*f**3 + 3*f**2 + 4*f - 1. Let y be z(-2). Let n be -1 - -4 - 0 - (y + 0). Calculate the highest common factor of n and 8.
8
Suppose -26*n + 23*n + 930 = 0. What is the greatest common factor of 40 and n?
10
Suppose -4*q + 60 + 36 = 0. Let z = -1926 - -1934. What is the greatest common divisor of z and q?
8
Let t(l) = 16*l + 63. Let r be t(5). Calculate the highest common factor of r and 22.
11
Suppose 3727 = 46*h + 1105. Calculate the greatest common divisor of 361 and h.
19
Let y(a) = -3*a**3 - a**2 - 2*a - 1. Let i be y(-1). Let q(v) = -4*v + 3. Let d be q(-6). What is the highest common divisor of d and i?
3
Let m be 2/((-6)/(-23)) + 10/(-15). Let g be m + 27 - 1*4. What is the highest common divisor of 20 and g?
10
Suppose -2*g = 3*o - 6*g - 168, -3*g + 189 = 3*o. Suppose -11 - 3 = k. Let b = k + 26. Calculate the greatest common divisor of b and o.
12
Suppose 3*p = -r - 1, p - 20 = 4*r - 3*p. Let m = -12 - -18. Let u be m/8 + (-97)/r. What is the highest common factor of 275 and u?
25
Let n(y) = 16*y**2 - 9*y + 30. Let d be n(3). What is the greatest common factor of d and 273?
21
Let g be (52/6 + 30/(-45))*10. Calculate the highest common divisor of g and 176.
16
Suppose -a - 29 = -83. Suppose -a = -44*h + 42*h. What is the greatest common divisor of h and 9?
9
Let u be (-22)/(-6) + (-9)/(-27). Let m(z) = -2*z + 21. Let g be m(u). What is the greatest common factor of 91 and g?
13
Let q be (11 - 1)/(3/12). Calculate the highest common factor of q and 40.
40
Let c(k) = 2*k - 4. Let h be c(7). Let f be (-2 + 11)*(1 + -2). Let m be f/(-6)*(-320)/(-6). What is the greatest common divisor of h and m?
10
Let k(b) = -278*b + 3074. Let r be k(11). Let a(t) = -22*t - 2. Let g be a(-2). Suppose -g - 6 = -2*s. What is the greatest common divisor of r and s?
8
Suppose 146 = -20*v + 686. Calculate the highest common factor of 459 and v.
27
Let f(g) = g**3 + 11*g**2 - 10*g - 48. Let b be f(-11). Calculate the highest common divisor of 31 and b.
31
Suppose 2*m = 8, -3*w - 6 = -7*m + 4*m. Suppose -u + 567 = w*u. Calculate the greatest common divisor of 21 and u.
21
Suppose -2*y - 3*y = -30. Let w be 17 - y - (0 + 1). Suppose -w = d - 2*d. What is the greatest common divisor of 70 and d?
10
Suppose -c - 2*j - 1 = 5, -3*j = -3*c. Let a be 3/c*8/(-3). Calculate the highest common factor of 44 and a.
4
Let o be (-1)/(2/(-84)) + -5. What is the highest common factor of o and 111?
37
Suppose 3*x - 2*s - 1 = -4*s, x + 5*s + 17 = 0. Let k be (-1 + 3)*x + 9/3. What is the highest common factor of 6 and k?
3
Suppose 0 = 6*k - 3*k - 2*l - 20, -5*k = 3*l - 46. What is the highest common factor of 448 and k?
8
Suppose 4*y - 3*z = -30, -y - 4*z = -2*y - 14. Let f be (-2790)/(-27) - 4/y. Calculate the greatest common factor of 13 and f.
13
Suppose 5*z + p = -0*p + 186, -2*p = -2*z + 72. Let f be 5 - (-1)/(4*2/2624). Calculate the highest common divisor of f and z.
37
Let f = 375 - 373. What is the highest common factor of 14 and f?
2
Let w be (-102)/(-10) - (-26)/(-130). What is the greatest common divisor of w and 170?
10
Suppose 4040 = 4*n - 4*x - 0*x, 0 = 2*x - 10. What is the greatest common factor of n and 29?
29
Suppose 3*p + 0*c - 14 = -4*c, 5*c = 2*p + 6. Let w = 180 - 177. What is the highest common factor of w and p?
1
Suppose 2*x + 2*x - 24 = 0. Let y be 2/x + 8/3. Let w be ((-9)/(-2))/(y/42). What is the highest common factor of 9 and w?
9
Suppose -3*a = -10 + 4. Suppose 0*x - 90 = -a*x. Calculate the greatest common divisor of x and 5.
5
Let f = -5092 - -9484. What is the highest common divisor of 72 and f?
72
Let c(w) = -2*w**3 + 48*w**2 - w + 37. Let f be c(24). What is the highest common divisor of f and 1053?
13
Let d be (5 - (2 + 2))*-8*-2. Calculate the greatest common divisor of 1232 and d.
16
Let j = 10 - 7. Let z be (-2)/(-5) - 54/(-15). Suppose z*g - 10 = 38. What is the highest common divisor of j and g?
3
Let n = -405 - -443. Calculate the greatest common factor of 57 and n.
19
Let l = 43 - -209. Suppose r + 56 = 3*r. What is the greatest common divisor of r and l?
28
Let b = 141 - 125. Calculate the highest common factor of 16 and b.
16
Let t = -29 + 86. What is the greatest common divisor of t and 285?
57
Let a = -117 + 347. Suppose a = 10*n - 0*n. Calculate the highest common factor of 253 and n.
23
Suppose c + 0*c = 5*j - 1, 11 = -5*j + 4*c. Let f = 15572 - 15571. Calculate the highest common factor of j and f.
1
Let l = 64 + 24. Suppose 3*z = -4*j + l, 2*j + j - 58 = -2*z. Let y be 5*(-4)/(-20)*z. Calculate the highest common divisor of 32 and y.
32
Let m(n) = -n**3 - 5*n**2 - n - 5. Let p be m(-5). Suppose 19*k = -8*k + 81. Suppose p = -k*z - 2*z + 160. Calculate the highest common factor of 352 and z.
32
Let k be 156/8*4/6. Suppose -l - 2*x + k - 4 = 0, l + x - 7 = 0. What is the greatest common divisor of l and 55?
5
Let a = -33 + 46. Let r = 74 - 74. Suppose 346 = 5*g - 4*u - 166, r = -3*g - u + 314. Calculate the highest common divisor of g and a.
13
Let r(u) = 9 - 4 + 7*u + 0. Let i be r(5). Let w(k) = k + 2. Let z be 